ommon factor of 28 and 7?
7
What is the greatest common divisor of 21 and 1743?
21
Calculate the highest common factor of 40 and 790.
10
Calculate the greatest common factor of 2672 and 501.
167
Calculate the greatest common factor of 500 and 20.
20
Calculate the greatest common divisor of 27 and 189.
27
Calculate the highest common factor of 32 and 2672.
16
What is the greatest common factor of 11 and 583?
11
What is the highest common factor of 22 and 275?
11
Calculate the greatest common divisor of 837 and 62.
31
What is the highest common factor of 70 and 16730?
70
What is the greatest common divisor of 12 and 228?
12
What is the highest common factor of 6 and 615?
3
Calculate the highest common factor of 13 and 13.
13
Calculate the highest common divisor of 3267 and 33.
33
What is the greatest common factor of 800 and 76?
4
Calculate the greatest common divisor of 203 and 875.
7
Calculate the greatest common divisor of 21 and 3.
3
Calculate the greatest common factor of 70 and 49.
7
What is the greatest common factor of 318 and 22101?
159
What is the highest common divisor of 13 and 897?
13
Calculate the highest common factor of 2937 and 33.
33
Calculate the highest common factor of 11 and 17039.
11
What is the highest common factor of 21504 and 1680?
336
Calculate the highest common divisor of 47 and 1786.
47
Calculate the highest common factor of 418 and 44.
22
What is the highest common divisor of 5841 and 132?
33
What is the greatest common factor of 884 and 612?
68
What is the highest common divisor of 14 and 70?
14
Calculate the greatest common factor of 54 and 27.
27
What is the highest common divisor of 884 and 65?
13
Calculate the highest common divisor of 1349 and 142.
71
What is the highest common divisor of 27 and 1917?
27
Calculate the greatest common factor of 2925 and 351.
117
Calculate the greatest common divisor of 913 and 11.
11
What is the highest common divisor of 48310 and 20?
10
Calculate the highest common divisor of 124 and 4.
4
What is the highest common divisor of 80 and 9872?
16
Calculate the highest common divisor of 12 and 8100.
12
Calculate the greatest common divisor of 35 and 190.
5
What is the highest common divisor of 259 and 111?
37
Calculate the highest common factor of 25 and 1130.
5
What is the highest common factor of 9 and 16488?
9
What is the greatest common divisor of 202 and 1919?
101
What is the greatest common factor of 27 and 3753?
27
What is the greatest common factor of 30 and 1125?
15
Calculate the highest common divisor of 80 and 272.
16
What is the highest common factor of 108 and 486?
54
What is the greatest common divisor of 53 and 7950?
53
Calculate the highest common divisor of 2119 and 156.
13
What is the highest common factor of 23 and 35719?
23
What is the highest common factor of 2625 and 30?
15
What is the highest common divisor of 408 and 24?
24
What is the greatest common divisor of 1872 and 192?
48
What is the greatest common divisor of 4336 and 16?
16
Calculate the highest common factor of 976 and 854.
122
Calculate the greatest common divisor of 15 and 51.
3
Calculate the greatest common divisor of 50 and 2670.
10
What is the greatest common divisor of 28800 and 180?
180
What is the highest common factor of 120 and 150?
30
Calculate the highest common divisor of 72 and 6.
6
What is the highest common factor of 750 and 60?
30
Calculate the greatest common factor of 36 and 1602.
18
Calculate the highest common factor of 10 and 2200.
10
Calculate the highest common divisor of 11 and 275.
11
What is the greatest common divisor of 84 and 16744?
28
Calculate the highest common factor of 43 and 2752.
43
Calculate the greatest common factor of 48 and 36528.
48
Calculate the highest common factor of 979 and 89.
89
What is the highest common factor of 291 and 108?
3
Calculate the greatest common divisor of 2373 and 21.
21
What is the greatest common divisor of 1206 and 1541?
67
What is the greatest common factor of 135 and 297?
27
What is the greatest common divisor of 3973 and 137?
137
What is the highest common factor of 21 and 35049?
21
What is the greatest common factor of 176 and 836?
44
Calculate the greatest common factor of 75 and 60.
15
Calculate the highest common factor of 168 and 2268.
84
What is the greatest common divisor of 4818 and 132?
66
What is the highest common divisor of 150 and 1075?
25
Calculate the greatest common divisor of 33 and 275.
11
Calculate the greatest common divisor of 70 and 610.
10
What is the greatest common divisor of 20 and 30?
10
What is the highest common factor of 321 and 535?
107
What is the greatest common factor of 70 and 40?
10
Calculate the highest common factor of 9459 and 9.
9
What is the greatest common factor of 77 and 1694?
77
Calculate the highest common factor of 1536 and 12.
12
What is the greatest common divisor of 476 and 4?
4
What is the highest common factor of 102 and 48?
6
Calculate the greatest common divisor of 105 and 28287.
21
Calculate the greatest common factor of 550 and 300.
50
What is the highest common factor of 1529 and 4031?
139
What is the greatest common divisor of 88 and 3?
1
Calculate the highest common divisor of 189 and 3066.
21
What is the greatest common divisor of 11774 and 1015?
203
What is the greatest common divisor of 35 and 10?
5
Calculate the highest common divisor of 100 and 11080.
20
What is the highest common factor of 12 and 9?
3
What is the highest common divisor of 275 and 44?
11
What is the highest common factor of 101 and 606?
101
What is the highest common factor of 126 and 112?
14
Calculate the greatest common divisor of 21 and 168.
21
Calculate the greatest common factor of 9 and 81.
9
What is the greatest common factor of 1020 and 810?
30
What is the highest common factor of 15225 and 70?
35
What is the highest common factor of 62 and 279?
31
What is the greatest common divisor of 17 and 4607?
17
What is the greatest common factor of 115 and 483?
23
Calculate the greatest common factor of 407 and 352.
11
What is the highest common factor of 1326 and 3060?
102
What is the highest common factor of 53 and 159?
53
Calculate the highest common divisor of 1407 and 14.
7
What is the greatest common divisor of 37184 and 128?
64
Calculate the greatest common divisor of 7 and 63.
7
What is the greatest common factor of 544 and 34?
34
Calculate the highest common factor of 3 and 3096.
3
Calculate the highest common factor of 10 and 1345.
5
What is the greatest common factor of 819 and 91?
91
Calculate the greatest common factor of 16 and 1252.
4
Calculate the greatest common divisor of 1770 and 30.
30
Calculate the greatest common divisor of 4 and 1156.
4
What is the greatest common divisor of 2669 and 68?
17
What is the highest common divisor of 610 and 110?
10
What is the greatest common factor of 124 and 12?
4
Calculate the greatest common divisor of 36 and 2.
2
What is the greatest common divisor of 77 and 847?
77
What is the greatest common divisor of 48 and 2748?
12
Calculate the greatest common factor of 117 and 477.
9
What is the greatest common divisor of 293 and 1?
1
Calculate the greatest common divisor of 15510 and 495.
165
Calculate the greatest common factor of 10 and 16160.
10
Calculate the greatest common divisor of 10266 and 348.
174
Calculate the greatest common factor of 72 and 720.
72
What is the greatest common factor of 553 and 711?
79
Calculate the greatest common divisor of 69 and 345.
69
Calculate the greatest common divisor of 624 and 364.
52
Calculate the highest common factor of 205 and 160.
5
Calculate the highest common divisor of 1528 and 7067.
191
What is the greatest common factor of 190 and 20?
10
Calculate the highest common divisor of 26 and 458.
2
Calculate the highest common divisor of 1920 and 105.
15
What is the highest common divisor of 140 and 1295?
35
Calculate the highest common divisor of 8664 and 40.
8
Calculate the greatest common divisor of 561 and 51.
51
What is the greatest common divisor of 3182 and 172?
86
Calculate the greatest common divisor of 17 and 1751.
17
Calculate the greatest common factor of 80 and 784.
16
What is the highest common divisor of 126 and 266?
14
What is the highest common factor of 91 and 169?
13
What is the highest